 + o. Give b(z).
5
Let r be 678/(-452)*((-42)/(-27))/(2/12). Let g(c) = c**3 + 14*c**2 - c - 21. Determine g(r).
-7
Let m(j) be the first derivative of -7 - j + 17/2*j**2. Let p(q) = -q**3 - 6*q**2 - 3*q + 9. Let n be p(-5). Determine m(n).
-18
Let a(s) = -s**3 - 9*s**2 - 2*s - 20. Suppose -17*t + 270 = -31*t - 16*t. Give a(t).
-2
Let c(s) = s**3 + 5*s**2 - 2*s + 2. Suppose -40 = -29*j + 105. Suppose 0 = -5*i - j*o - 15, -3*o - 6 = 5*i + 15. Give c(i).
-22
Suppose -m - 5*l + 16 = -23, -3*l = 5*m - 151. Let v = 33 - m. Suppose 4*g + 7 = -v*q - 13, 5 = -q + 3*g. Let z(u) = -u**3 - 4*u**2 + 6*u + 6. Give z(q).
1
Let h(u) = -26*u**3 - 4*u**2 - 23*u - 31. Let s(y) = 22*y**3 + 3*y**2 + 21*y + 27. Let d(k) = 3*h(k) + 4*s(k). Give d(-1).
-10
Suppose 27*a = 16*a + 33. Let c(j) be the first derivative of 2 + 4*j**2 - 1/4*j**4 - 5/3*j**a + 4*j. Determine c(-6).
-8
Let p(y) = -2*y**2 + 44*y - 46. Let h(o) = 3*o**2 - 121*o - 189. Let x be h(42). Give p(x).
-4
Let k(o) = o**2 + 3*o - 34. Let l be k(-8). Let d be l + 2 + 3 + -8. Let t(g) = g**2 - 2*g. Determine t(d).
3
Let o(h) = -2*h - 5. Suppose 3 = 2*y + m - 34, -4*y + 73 = m. Suppose -5*d + y = -2*c, d = 7*c - 5*c + 18. What is o(c)?
13
Let u(d) = d**3 - 16*d**2 - 2*d + 28. Suppose -2*n - 3*z + 23 = 0, 3*n + 9*z - 63 = 14*z. Give u(n).
-4
Let s(f) = -f**2 + 9*f - 12. Let c be (1 + 44/(-11))/((-1)/5). Suppose -2*l + c*l - 104 = 0. What is s(l)?
-4
Let t(g) be the first derivative of 5*g**2 - 128 + 5*g - 8/3*g**3 - 1/4*g**4. Calculate t(-9).
-4
Let x(t) = -3*t**3 - 15*t**2 - 20*t + 11. Let o = -25 - -30. Let k(g) = -5*g**3 - 23*g**2 - 30*g + 17. Let r(w) = o*k(w) - 8*x(w). Determine r(7).
-31
Let q(y) = -y**2 + 15*y - 42. Let l be q(9). Suppose 54 + l = 11*b. Let k(t) = -t - 1. Let o(w) = 4*w + 8. Let f(g) = -6*k(g) - o(g). What is f(b)?
10
Suppose 0 = -2*l - l - 5*x + 1, -4*x + 33 = 7*l. Let m(c) = -c**3 + 5*c**2 + 12*c - 13. What is m(l)?
-27
Let x(j) = -2*j**2 - 21*j - 38. Let o = 1522 - 1530. Determine x(o).
2
Let d(f) = -12*f + 235. Let i be d(19). Let g(o) = -3*o + 20*o - 9*o - i*o + 10. Determine g(-10).
0
Let p be 14 + (-2 - (2 + (4 - 5))). Suppose -3*b + 3 + p = -5*f, -4*b - 4 = -f. Let y(o) = 6*o + 10. Calculate y(f).
-14
Let t be 19/114*-39 + 2/4. Let d(j) = 0 + 9 - 4*j - j**3 - 7*j**2 - 4. Give d(t).
-7
Let j(x) be the first derivative of -x**4/4 + 2*x**3 - 2*x**2 + 19*x - 6398. Determine j(5).
24
Let v(t) = 2*t + 11. Let a = 39 - 13. Let b = 18 - a. Calculate v(b).
-5
Let s(z) = 2*z**3 + 2*z**2 - 3315000 + 3314990 + 4*z - z. Determine s(-3).
-55
Let z(y) be the second derivative of y**4/12 + 8*y**3/3 - 9*y**2 + 1645*y. Determine z(-18).
18
Let l be (-2)/(-1 + 0 - -2). Suppose 2 = y - 26. Let f(k) = y*k - 21*k + 0 - 11*k - 2. Give f(l).
6
Let h(b) be the second derivative of b**4/12 - 7*b**3/6 - 3*b**2/2 - 9*b - 8. Let a(x) = -5*x + 3. Let u be a(-5). Suppose -5*i = -i - u. Determine h(i).
-3
Let j(o) be the first derivative of -1/4*o**4 + 24 - 7/3*o**3 - 8*o - o**2. Suppose 4*h - 13 - 2 = 5*u, -2*u + 3*h = -1. Determine j(u).
6
Let h(j) = j - 1. Let r be (-3)/(-3) + (-9 + 1 - -12). Calculate h(r).
4
Let l(t) = t**2 + 13*t + 5. Let h(b) = -25*b - 234. Let x be h(-9). Determine l(x).
-31
Let b(p) = -5*p - 1. Let w(t) = 6*t - 1. Suppose 7*v + 18 = -17. Let y(j) = v*b(j) - 4*w(j). Calculate y(-7).
2
Let x(w) be the third derivative of 5*w**4/24 - 109*w**3/6 - 4*w**2 + 3*w - 1. What is x(19)?
-14
Let h(b) = b**2 - 9*b + 17. Suppose 13 - 1 = 4*p + 2*f, 0 = -2*f. Let s(v) = -2*v**2 + 18*v - 36. Let k(q) = p*s(q) + 7*h(q). Calculate k(8).
3
Let q be (66/18 - 3)/((-6)/54). Let y = -20 - -23. Let b(r) = 3 - 12 + 5 + y*r. Give b(q).
-22
Let n(c) = -31*c**2 - 78*c - 211. Let g(l) = -7*l**2 - 19*l - 53. Let p(s) = 9*g(s) - 2*n(s). Calculate p(-7).
1
Let m be (-4)/(-2) + ((-18)/12)/(12/(-16)). Let d(r) = -2*r**3 + 5*r**2 + 3*r - 1. Calculate d(m).
-37
Let u(g) be the second derivative of -g**3/6 - 4*g**2 + 308*g. Let p(w) = w - 1. Let z be p(-8). Give u(z).
1
Suppose 5*s = 5*q + 1125, 3*s = 3*q - q + 673. Suppose m + f = 6*f - 41, 3*m + 5*f + s = 0. Let d = m + 65. Let g(b) = 4*b + 1. Give g(d).
-3
Let a(z) = -26*z + 79. Let t be a(8). Let f = t - -140. Let w(j) = -j**2 + 10*j - 1. Calculate w(f).
-12
Let q(u) = u**3 + 2*u**2 + 13*u + 1. Let k(o) = 15*o**3 + 10*o**2 + 67*o + 2. Let x(m) = -k(m) + 5*q(m). Calculate x(2).
-81
Let m(d) = -32*d**2 - 64*d + 46. Let o(b) = -6*b**2 - 13*b + 9. Let s(x) = -2*m(x) + 11*o(x). What is s(-8)?
-1
Let o(f) be the second derivative of 5*f**4/12 + f**2/2 - 48*f. Let i be (9/5)/(2/(-10)). Let t be (i/(-6))/((-18)/(-24)). Give o(t).
21
Let p(q) = -q**3 + 31*q**2 - 31*q + 51. Suppose 6120 = 355*d - 151*d. Calculate p(d).
21
Let y(c) = 4*c + 112. Suppose -4*t = i + 18, 2*i = -2*t - 39 - 15. Give y(i).
-8
Let u(o) = -90 - 87 - o**2 + 256 - 16*o - 91. What is u(-10)?
48
Let u be 0 + (-3)/((-6)/128). Suppose j - 17*z + 57 = -12*z, -4*j = -3*z + 262. Let t = j + u. Let p(b) = b**2 + 2*b - 2. What is p(t)?
1
Let w(l) be the second derivative of 1/12*l**4 + 0*l**3 + 1/2*l**2 + 34*l + 0. Let x(b) = b**2 - 5*b - 14. Let o be x(-2). What is w(o)?
1
Let s(k) = -26*k + 4. Let j be -3 + 4/(-1) + (-630)/(-63). Calculate s(j).
-74
Suppose -44 = -14*o + 474. Let f(p) = o - 36 - 16*p + 0*p. Let j be (-6)/2 - (2 - (-8)/(-2)). What is f(j)?
17
Suppose -13*x = -8*x - 10. Let h(o) = 10*o**x - 9*o**2 + 0*o**2 - 6 - o. Calculate h(-6).
36
Let c(x) = -27*x + 9. Let g be (2 - 19) + (-6 - -19). Calculate c(g).
117
Let k(c) = -23*c - 3. Let g(l) = 33*l + 792. Let t be g(-24). Give k(t).
-3
Suppose 4*j = 107 - 335. Let r = j - -63. Let n(o) = 165*o**2 + 4 + 3*o**3 - 172*o**2 + 6*o - 2*o**3. What is n(r)?
4
Let d(k) be the first derivative of -k**3/3 + 1. Let y be (23 + 1)*60/8. Let h = y + -180. What is d(h)?
0
Let v(j) be the second derivative of -j**2 - 2/3*j**3 - 2 + 35*j. Give v(5).
-22
Let v be (-160)/10 - (-180)/10. Let u(w) = -44*w + 84. Give u(v).
-4
Suppose 3*d = p - 9, 7*d - 6*d - 4*p + 14 = 0. Let y(c) = 3*c**3 + 4*c**2 + 4*c + 2. Calculate y(d).
-14
Suppose 20*l - 17*l - 32 = 2*f, 3*f = -3. Suppose -i - 5 = -16. Let w(q) = 1 + 3 + l*q**3 - q**2 - i*q**3 + q. What is w(0)?
4
Let f be ((-2)/6*3)/((-2)/(-8)). Let s be f*(-30)/(-12) - -5 - -1. Let c(i) = -i**3 - 2*i**2 - i + 3. What is c(s)?
39
Let k = 7813 - 7808. Let p(z) = -3*z**2 + 5*z + 7. What is p(k)?
-43
Let r(p) = -19 + 2*p**2 + 10*p - 12*p - 5*p + 2*p - 11*p. Give r(8).
-19
Let t(o) = -2*o + 8. Let r be t(2). Suppose -r*n - p + 14 = 0, -9*p = -n - 7*p - 1. Let h(y) = -y + 4. Give h(n).
1
Suppose 5*a - 5*b + 1042 = 962, -a = 4*b + 16. Let g(d) = 2*d**2 + 29*d - 18. What is g(a)?
30
Suppose -2*z + 8 + 34 = 4*o, z + 35 = 5*o. Suppose 5*y + 72 = 1107. Let c(p) = 414*p - 11 - 214*p - y*p - 7*p**2 + p**3. Give c(o).
-3
Let i(m) = m**2 + 15*m + 2 + 6 - 12*m + 7*m. Suppose -3*l + 11 = -r, 0 = 3*r + 4*l - 9*l + 29. Give i(r).
-8
Let s(c) = -2381 + 1193 + 7*c + 2*c**2 + 1166. Give s(2).
0
Let v(g) = 14*g + 52. Suppose 2*n = f - 8, -25*n = -3*f - 21*n + 8. Determine v(f).
-60
Let f(l) = l**3 - 2*l**3 - 4*l - 4 + 6*l**2 - 3 + 2. Suppose 0*t = 4*t - 108. Suppose -4*o + 4*q + t = 11, -4*o - 5*q = -25. Determine f(o).
0
Let t = 496 - 491. Let v(r) be the second derivative of -1/3*r**3 + 7/2*r**2 - r + 0. Determine v(t).
-3
Let c(n) be the first derivative of -5*n + 1/3*n**3 - 208 - n**2. Determine c(4).
3
Let o(v) = 2*v - 2 + v - v. Let q = -9492 + 9497. What is o(q)?
8
Let x(d) = -72*d + 211. Let c be x(3). Let z(y) = -5*y - 1. Give z(c).
24
Let y(w) = w**3 - 11*w**2 + 4*w - 191. Let b be y(12). Let f(q) = -q. Let g(o) = -7*o + 1. Let r(d) = 5*f(d) - g(d). Calculate r(b).
1
Let q(a) = 15*a**3 - 13*a**2 - 18*a - 18. Let v(z) = 41*z**3 - 39*z**2 - 54*z - 53. Let w(x) = -11*q(x) + 4*v(x). Determine w(-12).
58
Let w(y) = -y**3 + 15*y**2 - 35*y - 6. Suppose -309*v = -86*v - 2676. What is w(v)?
6
Let b(p) = 2*p**3 + 30*p**2 - 9*p - 13. Let x(g) = g**3 + 12*g**2 - 4*g - 6. Let q(o) = -3*b(o) + 7*x(o). Calculate q(6).
-9
Suppose 129 = 2*r + 4*i + 189, -3*i = -3*r - 18. Let k(o) = o**2 + 21*o + 102. Give k(r).
4
Let z(f) be the second derivative of -7*f**2 + 4*f + 1/120*f**6 + 0 + 3/8*f**4 - 4/3*f**3 - 2/15*f**5. Let n(a) be the first derivative of z(a)